derivative of z**3 + z**2 - 2*z - 4. What is the remainder when h is divided by a(3)?
30
Suppose 8*x + 1260 = 7668. What is the remainder when x is divided by 6?
3
Suppose 2*h - 4*i + 6*i + 150 = 0, 3*i = -5*h - 377. Let k = 97 + h. Suppose 2*p + 0*p - 4*d = 32, -p - d = -4. Calculate the remainder when k is divided by p.
5
What is the remainder when 85/(-2)*(192/(-40))/2 is divided by 13?
11
Let g be 14/35 - 13/(-5). Suppose g*b + 20 = i, 5*i + b - 165 = 3*b. Calculate the remainder when i is divided by (12/(-10))/(1/(-10)).
11
Suppose 0*h - h = -3, h - 27 = 4*s. Let o(v) = -v - 4. Let r(x) = x**3 + 2*x**2 - 26*x - 10. What is the remainder when o(s) is divided by r(-6)?
0
Let o be (-3)/(78/4) - 4/(-26). Suppose o = 3*j - j + 10, v + j - 28 = 0. Calculate the remainder when v is divided by 9.
6
Let r = -185 - -271. Suppose 635 + 1885 = -45*h. Let s = r + h. Calculate the remainder when s is divided by 16.
14
Let a = 73 - 70. Suppose -156 = -a*p + 90. Calculate the remainder when p is divided by 21.
19
Let t be 3 - 4/(-1 + -1). Let r = t + 13. Suppose 0 = 3*j + h - 206, 3*j + h - 344 = -2*j. Calculate the remainder when j is divided by r.
15
Let l = -34 + 63. Suppose -4*h + 5*r = -45, -21 = -2*h + 2*r + r. What is the remainder when l is divided by h?
14
Suppose 9*t = 6*t - 5*m + 37, -2*m - 16 = -t. Calculate the remainder when 136 is divided by t.
10
Suppose 124 = 6*m - 80. What is the remainder when 51 is divided by m?
17
Suppose -4*h + 44 = -0*h. Let z(k) = -21*k. Let m be z(-3). Calculate the remainder when ((-3)/9)/((-1)/m) is divided by h.
10
Let y(w) = 2*w**2 + 4*w + 4. What is the remainder when y(-7) is divided by 13/(3*6/18)?
9
Suppose 4*d = n + 5*d - 290, n - 2*d = 275. What is the remainder when n is divided by 7?
5
Let v(g) = -g**3 + 13*g**2 - 26*g + 15. Suppose 3*x - 5*p - 55 = -0*x, -p = -4*x + 79. What is the remainder when v(10) is divided by x?
15
Let q = 6365 - 6363. Calculate the remainder when q is divided by 4/18 - 16/(-9).
0
Let y be (-1)/(23/(-6) + 4). Let n(c) be the first derivative of c**3/3 + c**2 - 3*c + 6. What is the remainder when 62 is divided by n(y)?
20
Suppose 2*f + 4*c - 588 = 0, -5*f + 5*c = -0*f - 1485. Let x = f + -206. Calculate the remainder when x is divided by 24.
18
Suppose -13*i + 18*i - z - 511 = 0, -205 = -2*i + z. What is the remainder when i is divided by 35?
32
Suppose 5*d - 13*d + 944 = 0. Let t = -50 - -70. What is the remainder when d is divided by t?
18
Suppose -2*x + 2*a + 20 = -a, 0 = -2*a - 4. Suppose 4*d - y - 26 + x = 0, -2*d + 2 = -2*y. What is the remainder when (-4)/d + (-639)/(-27) is divided by 12?
11
Let q(r) = -4 - 2 - 32*r + 1 + 15*r. What is the remainder when q(-2) is divided by 11?
7
Let s(m) = -5*m + 5. Let k be s(-6). Let v = k - 22. Suppose -v = -3*r + 20. Calculate the remainder when 41 is divided by r.
8
Suppose -66 = -y + 5*c, 164 = 4*y - 2*c + 7*c. Suppose 8*s - 68 = 28. Calculate the remainder when y is divided by s.
10
Let g = 89 + -62. Let a = -24 + g. Calculate the remainder when 6 is divided by a.
0
Let s = -66 - -91. Let v = 17 - 10. What is the remainder when s is divided by v?
4
What is the remainder when 104 is divided by 22/(-66) - (-116)/6?
9
Let j = 925 - 69. Calculate the remainder when j is divided by 143.
141
Suppose -20 + 5 = -y. Let f = -832 + 837. What is the remainder when y is divided by f?
0
Suppose 239 = 6*s - 103. Suppose -100 - 488 = -28*u. Calculate the remainder when s is divided by u.
15
Let t(b) = b**2 + 14*b. Calculate the remainder when t(5) is divided by 48.
47
Suppose 6*m = 2*m + 12. Suppose m*t + t - 12 = 0. Suppose 2*o = w - 61, t*w - 199 = -0*w - 2*o. What is the remainder when w is divided by 17?
14
Suppose 210 = 4*f + 2*t, 4*f + 6*t - 245 = 11*t. Calculate the remainder when f is divided by 8.
7
Let i(t) = t**3 - 14*t**2 - 14*t - 14. Let k be i(15). What is the remainder when 127 is divided by 64*k/((-6)/9*-3)?
31
Let u = 620 + -581. Calculate the remainder when u is divided by 2.
1
Let y = 1 + 3. Let b be (2/6)/((-4)/(-48)). Suppose -b*u = -16 - 16. What is the remainder when u is divided by y?
0
Let q(k) = -14 + 5 + k**3 + 44*k - 23*k - 24*k + 5*k**2. What is the remainder when 17 is divided by q(-5)?
5
Let q be 54/4*(-80)/(-30). Let w be 3/(q/51)*4. Suppose -w*v + 13*v = -68. Calculate the remainder when 64 is divided by v.
13
What is the remainder when -23*((-12)/42 + 38/(-14)) is divided by 9?
6
Let g be 708*1*(-10)/(-15). Calculate the remainder when (-8)/(-10) + -1 - g/(-10) is divided by 6.
5
Let j(s) = s**3 + 14*s**2 - 9*s + 17. What is the remainder when j(-14) is divided by -4 - 82*(4 - (-36)/(-8))?
32
Let s(t) = -t + 4 - 7*t - t**3 + 4 - 9*t**2. Let g be (26/6 + -5)/((-1)/(-12)). What is the remainder when s(g) is divided by 3?
2
Let h = 1316 - 638. Calculate the remainder when h is divided by 40.
38
Let i(v) = -v**2 + 7*v - 2. Let z be i(6). Suppose -3*m = u - 2, -u - 39 = -z*u + 2*m. Calculate the remainder when 29 is divided by u.
7
Suppose 4*h = -0*h. Let y(n) = n + 173. What is the remainder when y(h) is divided by 35?
33
Let v = 1094 + -1084. Let w(u) = -u + 16. What is the remainder when v is divided by w(7)?
1
Let i(a) = -a**3 - a**2 + a + 1. Let k(v) = 5*v**3 + 22*v**2 - 21*v - 12. Let q(m) = -6*i(m) - k(m). What is the remainder when q(15) is divided by 1?
0
Let b = 18 - 10. Let a be 96/10 - b/(-20). Suppose a + 2 = 2*u. What is the remainder when u is divided by 2?
0
Suppose -g - 3 = -32. Let k = g - 10. Suppose s + 0*s - k = 0. Calculate the remainder when s is divided by 10.
9
Suppose 11*c = 3*c + 56. Suppose 26 = -5*u + c*u. Let v(k) = k**3 - 12*k**2 - 12*k + 10. Calculate the remainder when 114 is divided by v(u).
22
Suppose 2*j - 2*m - 342 = 0, -4*m = -5*j - 3*m + 863. Calculate the remainder when j is divided by 30.
23
Suppose -9*o + 11*o - 5*p - 369 = 0, o - p = 186. What is the remainder when o is divided by 19?
16
Let u = 4 - 2. Suppose u*t = -4*y + 64, -4*t + 8*t - 193 = 5*y. What is the remainder when t is divided by 13?
3
Calculate the remainder when 21 is divided by (-29 - -28)/((-2)/22).
10
Let x(v) = v**3 + 6*v**2 - 9*v + 3. Suppose 18*s = 11*s + 1533. What is the remainder when s is divided by x(-7)?
15
Suppose -c - 2 = -5*d + 3*c, d + 2*c = 6. Suppose -5*y = -d*n, 0 = -4*n - n - y. What is the remainder when (-111)/(n + -3) - 3 is divided by 12?
10
What is the remainder when 146 is divided by ((-7)/3)/(6/252*-2)?
48
Let c = 25 + -9. Let i = 36 + -3. Calculate the remainder when c/(-12)*6*-12 is divided by i.
30
Let d(s) be the first derivative of 5*s + 0 - 84*s**3 + 85*s**3 + 2*s**2 + 5. Calculate the remainder when 16 is divided by d(-2).
7
Suppose 0 = 11*r - 786 - 435. Let q = -19 - -33. Calculate the remainder when r is divided by q.
13
Suppose -7*h + 732 = -5*h. Calculate the remainder when (52/12 + -4)/(2/h) is divided by 32.
29
Let n(g) be the first derivative of -g**2 + 2*g + 6. Let y be n(1). Suppose y = -j - 4*j + 15. What is the remainder when j is divided by 2?
1
Let d(o) = 10*o - 7. Suppose 3*n + 35 = -85. Let z = -22 - n. Calculate the remainder when d(6) is divided by z.
17
Let k = 155 + -60. Suppose 0 = -5*n + 15 + k. What is the remainder when n is divided by 14?
8
What is the remainder when (-3 - (-1989)/45) + (-2)/10 is divided by 4?
1
Suppose -200 = 10*s + 20. What is the remainder when 36 - 0 - (-25 - s) is divided by 14?
11
Let q(x) = 2*x + 18. Let z be q(0). Calculate the remainder when 28 + 9/(z/(-8)) is divided by 13.
11
Suppose -12*q = -1225 - 107. What is the remainder when q is divided by (2/5)/((-3)/(-210))?
27
Let p = 771 + -675. Calculate the remainder when p is divided by 15.
6
Let x(i) = -3*i**3 - 2*i**2 - i. Let a be x(-1). Let y(j) = 9*j - 2. Let n be y(a). Suppose -m = -2*m + n. Calculate the remainder when 59 is divided by m.
11
Suppose 5*q - 1760 = 2*d, -13*d - 1056 = -3*q - 10*d. What is the remainder when q is divided by 119?
114
What is the remainder when 0 - (128/(-2) - 0) is divided by (-8 - -25)*(-3 - -4)?
13
Suppose 4*u - 127 = 65. Suppose -w + u = 2*w. What is the remainder when 45 is divided by w?
13
Let y be (-2)/(-6) + 15/9. Let z be ((-9)/(-3))/(3/y). Suppose -3*w = 5*v - 17, z*w + 3*w - 37 = -4*v. What is the remainder when 44 is divided